{"id":78,"date":"2017-12-12T11:24:21","date_gmt":"2017-12-12T15:24:21","guid":{"rendered":"http:\/\/ayuntamiento.guineo\/transparencia\/?page_id=78"},"modified":"2020-10-31T00:40:08","modified_gmt":"2020-10-31T04:40:08","slug":"definicion-oaim-oficina-de-acceso-a-la-informacion-municipal","status":"publish","type":"page","link":"https:\/\/distritomunicipalmaimon.gob.do\/transparencia\/definicion-oaim-oficina-de-acceso-a-la-informacion-municipal\/","title":{"rendered":"Definici\u00f3n OAIM (Oficina de Acceso a la Informaci\u00f3n Municipal)"},"content":{"rendered":"<h1><span style=\"font-size: 18pt\"><strong>Definici\u00f3n OAI (Oficina de Acceso a la Informaci\u00f3n p\u00fablica)<\/strong><\/span><\/h1>\n<p>La Oficina de Acceso a la Informaci\u00f3n (OAI) es un mandato de la Ley General de Libre Acceso a la Informaci\u00f3n P\u00fablica Ley 200-04 y el Decreto No. 130-05 que crea el reglamento de dicha ley, con el objetivo de apoyar a entidades y personas tanto p\u00fablicas como privadas mediante las informaciones solicitadas.<\/p>\n<h2><em><strong>MISI\u00d3N<\/strong><\/em><\/h2>\n<p>Brindar un servicio de calidad a la ciudadan\u00eda y a los distintos sectores interesados que requieran<br \/>\nde informaciones propias de la instituci\u00f3n, en el marco de lo establecido en la Ley de Libre Acceso<br \/>\na la Informaci\u00f3n P\u00fablica No. 200-04; guiados por los conceptos \u00e9ticos de equidad y transparencia.<\/p>\n<h2><em><strong>VISI\u00d3N<\/strong><\/em><\/h2>\n<p>Hacer del Departamento de Acceso a la Informaci\u00f3n de la Junta Distrital de Maim\u00f3n\u00a0 la oficina<\/p>\n<p>modelo de la zona norte, por el servicio eficiente brindado a estudiosos, investigadores,<br \/>\norganizaciones, medios de comunicaci\u00f3n y a cualquier ciudadano que lo requiera, as\u00ed como por su<br \/>\ncalidad, equidad, excelencia, humanismo y oportuna entrega de las informaciones solicitadas.<\/p>\n<h2><em><strong>VALORES<\/strong><\/em><\/h2>\n<ul>\n<li><em><strong>a)\u00a0Transparencia:<\/strong><\/em>\u00a0Actuamos con diafanidad, de manera comprensible, clara, consistente y<br \/>\noportuna, generando credibilidad y manejando la informaci\u00f3n con responsabilidad.<\/li>\n<li><em><strong>b)\u00a0Integridad:<\/strong><\/em>\u00a0Nuestras acciones se fundamentan en los principios \u00e9ticos, institucionales y<br \/>\nlegales, fomentando el suministro de la informaci\u00f3n completa, veraz y en tiempo h\u00e1bil.<\/li>\n<li>c)\u00a0<em>Respeto por las personas:<\/em>\u00a0Brindamos un trato digno a las personas, valorando su calidad<br \/>\nhumana y esmer\u00e1ndonos en atender sus solicitudes, a fin de satisfacer sus inquietudes.<\/li>\n<li><em><strong>d)\u00a0Responsabilidad:<\/strong><\/em> Asumimos nuestros roles, conscientes de que tenemos que rendir<br \/>\ncuentas, facilitar informaci\u00f3n y orientar sobre las ejecutorias de las actividades, proyectos<br \/>\ny actos administrativos de la Junta Distrital de Maim\u00f3n.<\/li>\n<li><em><strong>e)\u00a0Vocaci\u00f3n de servicio:<\/strong><\/em>\u00a0Somos colaboradores amables, oportunos y eficaces en el<br \/>\ndesempe\u00f1o de nuestras funciones. Estamos en la b\u00fasqueda permanente de posibles.<\/li>\n<\/ul>\n<p>&nbsp;<\/p>\n","protected":false},"excerpt":{"rendered":"Definici\u00f3n OAI (Oficina de Acceso a la Informaci\u00f3n p\u00fablica) La Oficina de Acceso a la Informaci\u00f3n (OAI) es un mandato de la Ley General de Libre Acceso a la Informaci\u00f3n P\u00fablica Ley 200-04 y el Decreto No. 130-05 que crea el reglamento de dicha ley, con el objetivo de apoyar a entidades y personas tanto&#8230;","protected":false},"author":1,"featured_media":0,"parent":0,"menu_order":0,"comment_status":"closed","ping_status":"closed","template":"","meta":{"footnotes":""},"class_list":["post-78","page","type-page","status-publish","hentry"],"acf":[],"_links":{"self":[{"href":"https:\/\/distritomunicipalmaimon.gob.do\/transparencia\/wp-json\/wp\/v2\/pages\/78"}],"collection":[{"href":"https:\/\/distritomunicipalmaimon.gob.do\/transparencia\/wp-json\/wp\/v2\/pages"}],"about":[{"href":"https:\/\/distritomunicipalmaimon.gob.do\/transparencia\/wp-json\/wp\/v2\/types\/page"}],"author":[{"embeddable":true,"href":"https:\/\/distritomunicipalmaimon.gob.do\/transparencia\/wp-json\/wp\/v2\/users\/1"}],"replies":[{"embeddable":true,"href":"https:\/\/distritomunicipalmaimon.gob.do\/transparencia\/wp-json\/wp\/v2\/comments?post=78"}],"version-history":[{"count":8,"href":"https:\/\/distritomunicipalmaimon.gob.do\/transparencia\/wp-json\/wp\/v2\/pages\/78\/revisions"}],"predecessor-version":[{"id":549,"href":"https:\/\/distritomunicipalmaimon.gob.do\/transparencia\/wp-json\/wp\/v2\/pages\/78\/revisions\/549"}],"wp:attachment":[{"href":"https:\/\/distritomunicipalmaimon.gob.do\/transparencia\/wp-json\/wp\/v2\/media?parent=78"}],"curies":[{"name":"wp","href":"https:\/\/api.w.org\/{rel}","templated":true}]}}